{"id":15,"date":"2011-08-30T15:38:42","date_gmt":"2011-08-30T15:38:42","guid":{"rendered":"http:\/\/www.digibuxportal.de\/?page_id=15"},"modified":"2011-12-22T13:17:31","modified_gmt":"2011-12-22T13:17:31","slug":"geld-verdienen-im-internet","status":"publish","type":"page","link":"https:\/\/www.digibuxportal.de\/?page_id=15","title":{"rendered":"Geld verdienen im Internet"},"content":{"rendered":"<p style=\"text-align: center;\"><span style=\"text-decoration: underline;\"><strong><span style=\"color: #ff0000; text-decoration: underline;\">Geld verdienen im Internet<\/span><\/strong><\/span><br \/>\nWie Sie bis zu <span style=\"text-decoration: underline; color: #000000;\"><strong>1.000,00 EUR<\/strong><\/span> pro Monat verdienen k\u00f6nnen<br \/>\nWie kann ich schnell und einfach Geld im Internet verdienen?<a href=\"http:\/\/www.digibuxportal.de\/wp-content\/uploads\/2011\/08\/geld.jpg\"><img loading=\"lazy\" class=\"aligncenter size-full wp-image-20\" title=\"geld\" src=\"http:\/\/www.digibuxportal.de\/wp-content\/uploads\/2011\/08\/geld.jpg\" alt=\"\" width=\"233\" height=\"220\" \/><\/a>Indem Sie das eBook <span style=\"color: #000000; background-color: #ffff00;\">&#8222;Geld verdienen im Internet &#8211; Clevere Verdienstm\u00f6glichkeiten&#8220;<\/span> lesen und damit sofort Ihr eigenes Internet-Gesch\u00e4ft starten!<\/p>\n<p>Ich habe kaum Ahnung von Computer etc. Kann ich trotzdem damit Geld im Internet verdienen?<\/p>\n<p style=\"text-align: center;\">Ja, das eBook <span style=\"background-color: #ffff00;\">&#8222;Geld verdienen im Internet &#8211; Clevere Verdienstm\u00f6glichkeiten&#8220;<\/span> richtet sich an alle Personen die im Internet Geld verdienen m\u00f6chten. Dazu geh\u00f6rt die Hausfrau ebenso wie der Existenzgr\u00fcnder.<\/p>\n<p style=\"text-align: center;\">Ist das eBook f\u00fcr Nebenjobber oder f\u00fcr Hauptberufler?<\/p>\n<p style=\"text-align: center;\">Die vorgestellten Gesch\u00e4ftsideen k\u00f6nnen verwendet werden, um ein Zusatzeinkommen oder eine Haupteinnahmequelle zu erschlie\u00dfen. Dabei sollen die publizierten Verdienstchancen in erster Linie als Impulsgeber fungieren, um jeweils auch zu eigenen L\u00f6sungen zu gelangen. Hierf\u00fcr geben zahlreiche Gesch\u00e4ftsmodelle Einblicke in die Welt des Online-Business.<\/p>\n<p style=\"text-align: center;\">Warum kann ich mit diesem eBook Geld verdienen?<\/p>\n<p style=\"text-align: center;\">Der Leser ist erstaunt \u00fcber die vielf\u00e4ltigen M\u00f6glichkeiten im Internet Geld zu verdienen. Gleichzeitig wird er mit wichtigen Grundlagen des Online-Gesch\u00e4ftslebens vertraut gemacht, so dass der klassische Fehlstart keine Chance hat. <span style=\"background-color: #ffff00;\">&#8222;Geld verdienen im Internet &#8211; Clevere Verdienstm\u00f6glichkeiten&#8220;<\/span> motiviert, hilft, veranschaulicht und fasziniert zugleich, denn wo sonst, au\u00dfer im Internet, gibt es so viele M\u00f6glichkeiten leicht Geld zu verdienen?<br \/>\n<a href=\"http:\/\/www.digibuxportal.de\/wp-content\/uploads\/2011\/08\/geld.jpg\"><img loading=\"lazy\" title=\"geld\" src=\"http:\/\/www.digibuxportal.de\/wp-content\/uploads\/2011\/08\/geld.jpg\" alt=\"\" width=\"233\" height=\"220\" \/><\/a><br \/>\neBook jetzt <span style=\"background-color: #ffff00;\">SOFORT anfordern<\/span> und Geld im Internet verdienen!<\/p>\n<p style=\"text-align: center;\">Ich biete Ihnen dieses eBook zum Mega-Sonderpreis f\u00fcr nur <strong><span style=\"color: #ff0000;\">12,00 EUR<\/span><\/strong> an!<\/p>\n<p style=\"text-align: center;\">Und so erhalten Sie das eBook:<br \/>\nSenden Sie mir einfach eine E-Mail, damit ich Ihnen meine Bankdaten zukommen lassen kann an die folgende E-Mail-Adresse:<br \/>\n<a href=\"mailto:bmd-it@t-online.de\" target=\"_blank\">bmd-it@t-online.de<\/a><\/p>\n<p style=\"text-align: center;\">Nachdem Zahlungseingang auf meinem Bankkonto, sende ich Ihnen das eBook per E-Mail zu!<\/p>\n","protected":false},"excerpt":{"rendered":"<p>Geld verdienen im Internet Wie Sie bis zu 1.000,00 EUR pro Monat verdienen k\u00f6nnen Wie kann ich schnell und einfach Geld im Internet verdienen?Indem Sie das eBook &#8222;Geld verdienen im Internet &#8211; Clevere Verdienstm\u00f6glichkeiten&#8220; lesen und damit sofort Ihr eigenes &hellip; <a href=\"https:\/\/www.digibuxportal.de\/?page_id=15\">Weiterlesen <span class=\"meta-nav\">&rarr;<\/span><\/a><\/p>\n","protected":false},"author":1,"featured_media":0,"parent":0,"menu_order":0,"comment_status":"closed","ping_status":"open","template":"","meta":[],"aioseo_notices":[],"_links":{"self":[{"href":"https:\/\/www.digibuxportal.de\/index.php?rest_route=\/wp\/v2\/pages\/15"}],"collection":[{"href":"https:\/\/www.digibuxportal.de\/index.php?rest_route=\/wp\/v2\/pages"}],"about":[{"href":"https:\/\/www.digibuxportal.de\/index.php?rest_route=\/wp\/v2\/types\/page"}],"author":[{"embeddable":true,"href":"https:\/\/www.digibuxportal.de\/index.php?rest_route=\/wp\/v2\/users\/1"}],"replies":[{"embeddable":true,"href":"https:\/\/www.digibuxportal.de\/index.php?rest_route=%2Fwp%2Fv2%2Fcomments&post=15"}],"version-history":[{"count":17,"href":"https:\/\/www.digibuxportal.de\/index.php?rest_route=\/wp\/v2\/pages\/15\/revisions"}],"predecessor-version":[{"id":19,"href":"https:\/\/www.digibuxportal.de\/index.php?rest_route=\/wp\/v2\/pages\/15\/revisions\/19"}],"wp:attachment":[{"href":"https:\/\/www.digibuxportal.de\/index.php?rest_route=%2Fwp%2Fv2%2Fmedia&parent=15"}],"curies":[{"name":"wp","href":"https:\/\/api.w.org\/{rel}","templated":true}]}}